Suppose -71 - 9 = -5*l. What is the highest common divisor of l and 32?
16
Let y(z) = -3*z + 11. Let p be y(-5). Let q = 37 - -28. What is the highest common factor of p and q?
13
Let l(z) = -3*z - 7. Let k be l(-7). What is the greatest common divisor of 2 and k?
2
Suppose 3*u + 2*u - 120 = 0. Suppose 308 = 5*n - 4*l, 0*l - 4*l + 232 = 4*n. What is the greatest common divisor of u and n?
12
Let k be (-2)/(-3)*-1*-3. Suppose -4*t + 81 = -5*j, k*t - 5*t = -4*j - 61. Suppose -43 = -b - t. Calculate the greatest common factor of 4 and b.
4
Suppose 4*x - 2*p - 2*p - 424 = 0, p = 4*x - 421. What is the highest common divisor of 42 and x?
21
Let n = 2 + 1. Let s = -1 - n. Let c be 5 + (-5)/((-10)/s). What is the greatest common divisor of c and 33?
3
Suppose -2*x + 15 = x. Let r = -1 + -18. Let a = 39 + r. Calculate the highest common factor of a and x.
5
Let n be (104/(-65))/(2/(-5)). What is the highest common divisor of 2 and n?
2
Let j be (-2)/((3/9)/(-1)). Calculate the greatest common factor of 15 and j.
3
Let h be 2/((-8)/(-92)) + -3. What is the highest common divisor of 10 and h?
10
Suppose -s + 5*a = -20, s - 3*a = 9 + 5. Suppose 0 = s*h + 5, 3*h + 103 = -0*k + 5*k. Calculate the greatest common factor of k and 200.
20
Suppose 5*j + 45 = 5*p, 0 = 5*p + 3*j - 5*j - 60. What is the highest common divisor of p and 448?
14
Let z = -142 - -252. What is the highest common factor of z and 10?
10
Let k(y) = 24*y**2 + 3*y + 1. Let b(g) = g**2 + 4*g + 1. Let v be b(-3). Let a be k(v). Calculate the highest common divisor of 13 and a.
13
Suppose 0 = -m - 2*m + 9. What is the highest common divisor of m and 12?
3
Suppose -227 = -4*z - x, -3*x - 6 = -3. Suppose -4*f + z = -f. What is the greatest common factor of 19 and f?
19
Let j be (184/(-10))/(10/(-25)). Calculate the greatest common divisor of 368 and j.
46
Let h be (-788)/(-6) + 4/6. Suppose 0 = 82*r - 16*r - 792. Calculate the greatest common factor of h and r.
12
Let n(h) = -2*h**2 - 5*h + 3*h**2 - h**3 + 5*h**2. Let m be n(4). Calculate the greatest common factor of m and 18.
6
Suppose 0*c = 4*c + 144. Let f = 78 + c. Let w = 8 + 20. What is the greatest common factor of f and w?
14
Let r be (3 - (-92)/12)/((-2)/(-6)). Suppose -d = 3*d - 16. Calculate the highest common factor of r and d.
4
Let k(j) = -j**2 + 6*j + 4. Let f be k(6). Suppose 5 = -2*l + 9. What is the highest common factor of l and f?
2
Let h(l) = 8*l - 16. Let j be h(7). What is the highest common divisor of j and 120?
40
Suppose -3*u - k = -4, 6*u - 3*u - k - 14 = 0. Let r(d) = -16*d**3 - d**2 - d - 1. Let h be r(-1). What is the highest common divisor of u and h?
3
Let o = 3 - 2. Let t(i) = i**2 - 15*i - 15. Let r be t(16). Calculate the greatest common divisor of o and r.
1
Let l(b) = 5*b**2 - 10*b - 5. Let g be l(6). What is the highest common factor of g and 5?
5
Suppose 2*p = -5*m + 16, 4*p + p - 15 = 0. Let t(y) = y**2 - 2*y + m*y**2 + 1 + y**2. Let a be t(5). Calculate the greatest common divisor of 13 and a.
13
Let n = -82 - -124. Let q be 1 - 1*(-208)/2. Calculate the greatest common factor of n and q.
21
Let x = -2 - -2. Let r(a) = a**2 + 18. Let b be r(x). Suppose 5*l = -3*s + 3*l + 46, 3*l = -12. Calculate the highest common divisor of s and b.
18
Let i(l) = 2*l**2 + 16*l + 9. Let y be i(-11). What is the greatest common divisor of y and 30?
15
Suppose 7 = 2*y - 5*w - 381, -3*y - 3*w = -540. Calculate the greatest common factor of 23 and y.
23
Let v be (1/2)/((-4)/(-272)). Calculate the highest common divisor of 17 and v.
17
Suppose 4*h + 2*c + 34 = 102, -h - c = -17. Calculate the highest common factor of h and 102.
17
Suppose -4*a - 262 = -5*d, -d + a + 203 = 3*d. Calculate the highest common factor of 20 and d.
10
Let x = 3 - 10. Let c = 28 + x. Calculate the highest common divisor of 21 and c.
21
Let r be (-2)/(-9) - (-1288)/36. Let t be 1 - 0 - (-11 - 0). What is the greatest common factor of t and r?
12
Suppose -4*d + 3*d = s + 8, 5*d - 24 = 3*s. Let v be ((-6)/s)/(3/96). Let z be -4*(9/4 - 3). What is the highest common factor of v and z?
3
Suppose 4*a + 0*a = 28. Suppose -2*n - 3*u + 5*u - 18 = 0, -4*n - 36 = 4*u. Let r be (3/n)/((-2)/6). Calculate the highest common factor of a and r.
1
Let y be (-9 + 11)*(0 + (-138)/(-4)). Calculate the greatest common factor of y and 23.
23
Let p = -16 - -8. Let q = 8 - p. Calculate the greatest common divisor of 176 and q.
16
Let p(j) = 16*j - 9. Let k be p(3). Calculate the highest common factor of 26 and k.
13
Let f be 36/(-54)*123/(-2). Let c = -26 + f. Calculate the highest common factor of 165 and c.
15
Let n = 9 - -3. What is the highest common factor of n and 4?
4
Suppose -d - 2*d + 9 = 0. What is the highest common factor of d and 1?
1
Suppose -36 = -3*c + 27. Let r(i) = -i + 1. Let l(p) = -4*p + 5. Let g(o) = -l(o) - r(o). Let t be g(4). What is the greatest common divisor of t and c?
7
Let z = -13 + 14. What is the greatest common divisor of z and 5?
1
Suppose -2758 + 2822 = 4*l. Let i be (-724)/(-18) - 4/18. Suppose -2*q + i = -q. What is the greatest common divisor of q and l?
8
Let s be (1 - -2)*(-4)/(-12). Suppose -z + 4*v = -v - 13, 3*z = 2*v + 26. Calculate the greatest common divisor of z and s.
1
Suppose 149 + 16 = 3*r. Calculate the greatest common divisor of 22 and r.
11
Let i = -19 - -54. Let d(h) = h**2 - 2*h - 1. Let w be d(4). Suppose 5*v - 63 - w = 0. What is the highest common factor of i and v?
7
Suppose 11*p - 8*p = -81. Let w = p - -87. Suppose -1 = 3*x + 5*u - 41, 0 = -2*x + 5*u + 35. Calculate the highest common divisor of x and w.
15
Suppose 2*j + 48 = 5*j. Let h = 97 - 1. What is the greatest common factor of h and j?
16
Let a(i) = i + 19. Suppose 4*x + 60 = -x. Let s be a(x). Calculate the highest common divisor of s and 49.
7
Suppose 10 + 14 = 2*n. Calculate the highest common divisor of n and 108.
12
Suppose r - 1 + 6 = -2*k, -2*r - 5*k = 14. Suppose -r*w = 10 - 4, 3*p = 3*w + 435. Calculate the greatest common divisor of 13 and p.
13
Let n = -106 - -121. What is the highest common factor of 5 and n?
5
Let t(k) = 25*k - 1. Suppose -3*a = -6, 5*a - 3 - 12 = -5*i. Let n be t(i). Calculate the greatest common divisor of n and 12.
12
Suppose 0 = -x - 2*x + 5*u - 2, 0 = -3*x - 5*u + 8. What is the greatest common factor of 9 and x?
1
Let i be (-6980)/(-70) - (-2)/7. What is the highest common factor of 10 and i?
10
Let r be (-50)/8 + 5/20. Let b be (-88)/r + 2/(-3). Calculate the greatest common divisor of b and 7.
7
Suppose 0*q + r - 5 = 3*q, 0 = 2*q + r - 5. Suppose -3*p + 2*p - 30 = q. Let l = 55 + p. What is the highest common factor of 10 and l?
5
Let j be (0 + -3)*(6 + -3). Let x = j + 19. Let s(h) = h - 5. Let o be s(x). What is the highest common divisor of o and 20?
5
Let h(m) = 2*m + 5. Let o be h(5). Suppose -482 + 1397 = 3*f. Let t = f - 170. What is the greatest common divisor of o and t?
15
Suppose 5*x = 15 - 5. Suppose -6 = -4*r + 2*r. Let d = 4 - r. What is the highest common factor of x and d?
1
Let f(u) = 3*u - 26. Let i be f(11). Let p be (-1 - -3)/(1/7). Calculate the highest common factor of p and i.
7
Let k be 2/6 + 5/(-15). Suppose -4 = t - k*t, 204 = 2*v - 3*t. Calculate the greatest common factor of v and 12.
12
Let l(r) = r**3 + 5*r**2 - r - 4. Let j be l(-6). Let p = -17 - j. Calculate the greatest common factor of 187 and p.
17
Let m be ((-2)/4)/((-1)/10). What is the greatest common divisor of 35 and m?
5
Suppose 2*m = -4*f + 148, -7*m = 5*f - 12*m - 155. Calculate the highest common divisor of f and 5.
5
Let u = -26 - -51. Calculate the highest common factor of 125 and u.
25
Suppose 2*m = -2*o + 170, -4*m - 451 = -5*o + 19. What is the greatest common divisor of o and 45?
45
Suppose 4*p - 6*p = -g + 4, 0 = g - 5*p + 5. Suppose -5*f = -g - 15. Suppose -f*i = -4*i - 39. Calculate the greatest common divisor of 26 and i.
13
Let l(s) = -2*s**2 - 3*s - 6. Let m be l(-5). Let d be 1/(-5) + m/(-5). Calculate the greatest common divisor of 1 and d.
1
Let i(h) = h**2 + 5*h - 1. Let f be i(-6). Let a be (2 - f)/(6/(-8)). Let d be a/1 - (-1 + 1). What is the greatest common divisor of d and 44?
4
Let u = -14 - -26. Suppose 7*k = 3*k + 240. Calculate the greatest common factor of u and k.
12
Let k(m) = m**3 - m**2 + 